ands digit of 23087?
2
What is the tens digit of 9757?
5
What is the ten thousands digit of 13486?
1
What is the units digit of 651?
1
What is the tens digit of 4627?
2
What is the tens digit of 81651?
5
What is the thousands digit of 1903?
1
What is the tens digit of 23588?
8
What is the tens digit of 798?
9
What is the ten thousands digit of 53091?
5
What is the hundreds digit of 494?
4
What is the thousands digit of 4441?
4
What is the ten thousands digit of 36577?
3
What is the tens digit of 3470?
7
What is the hundreds digit of 4957?
9
What is the units digit of 9198?
8
What is the units digit of 1066?
6
What is the units digit of 10545?
5
What is the units digit of 915?
5
What is the hundreds digit of 12442?
4
What is the thousands digit of 2324?
2
What is the hundreds digit of 5454?
4
What is the thousands digit of 42971?
2
What is the units digit of 7380?
0
What is the tens digit of 8984?
8
What is the units digit of 292?
2
What is the thousands digit of 4892?
4
What is the hundreds digit of 930?
9
What is the hundreds digit of 10292?
2
What is the tens digit of 5289?
8
What is the hundreds digit of 569?
5
What is the units digit of 423?
3
What is the ten thousands digit of 38809?
3
What is the ten thousands digit of 47787?
4
What is the thousands digit of 2900?
2
What is the thousands digit of 6909?
6
What is the thousands digit of 6471?
6
What is the tens digit of 1859?
5
What is the tens digit of 14696?
9
What is the ten thousands digit of 31202?
3
What is the tens digit of 127861?
6
What is the tens digit of 64335?
3
What is the tens digit of 28639?
3
What is the units digit of 2802?
2
What is the hundreds digit of 53691?
6
What is the tens digit of 2950?
5
What is the hundreds digit of 19999?
9
What is the ten thousands digit of 18480?
1
What is the thousands digit of 18167?
8
What is the tens digit of 17359?
5
What is the units digit of 36?
6
What is the tens digit of 53146?
4
What is the hundreds digit of 71708?
7
What is the units digit of 1026?
6
What is the hundreds digit of 38162?
1
What is the thousands digit of 11005?
1
What is the hundreds digit of 3261?
2
What is the tens digit of 7527?
2
What is the thousands digit of 1931?
1
What is the thousands digit of 2786?
2
What is the tens digit of 537?
3
What is the tens digit of 7593?
9
What is the hundreds digit of 817?
8
What is the tens digit of 1122?
2
What is the hundreds digit of 153154?
1
What is the units digit of 55300?
0
What is the tens digit of 46?
4
What is the tens digit of 961?
6
What is the units digit of 12890?
0
What is the thousands digit of 51139?
1
What is the tens digit of 920?
2
What is the thousands digit of 14717?
4
What is the tens digit of 6657?
5
What is the units digit of 2676?
6
What is the tens digit of 18461?
6
What is the units digit of 968?
8
What is the units digit of 1833?
3
What is the thousands digit of 116710?
6
What is the units digit of 25?
5
What is the thousands digit of 4112?
4
What is the units digit of 300?
0
What is the units digit of 614?
4
What is the hundreds digit of 55132?
1
What is the thousands digit of 3703?
3
What is the ten thousands digit of 100211?
0
What is the thousands digit of 47843?
7
What is the tens digit of 2293?
9
What is the units digit of 5283?
3
What is the units digit of 19405?
5
What is the hundred thousands digit of 102328?
1
What is the hundreds digit of 63648?
6
What is the units digit of 22679?
9
What is the thousands digit of 103056?
3
What is the tens digit of 623?
2
What is the ten thousands digit of 21533?
2
What is the units digit of 528?
8
What is the hundreds digit of 6155?
1
What is the tens digit of 72726?
2
What is the units digit of 664?
4
What is the ten thousands digit of 13774?
1
What is the units digit of 582?
2
What is the hundreds digit of 8946?
9
What is the tens digit of 31288?
8
What is the thousands digit of 26675?
6
What is the hundreds digit of 12393?
3
What is the hundreds digit of 1520?
5
What is the units digit of 88131?
1
What is the thousands digit of 11645?
1
What is the hundreds digit of 3961?
9
What is the thousands digit of 36616?
6
What is the hundreds digit of 39436?
4
What is the tens digit of 6178?
7
What is the hundreds digit of 5551?
5
What is the hundreds digit of 57885?
8
What is the thousands digit of 11992?
1
What is the hundreds digit of 3468?
4
What is the hundreds digit of 12181?
1
What is the units digit of 488?
8
What is the tens digit of 53999?
9
What is the units digit of 1461?
1
What is the thousands digit of 3542?
3
What is the hundreds digit of 331?
3
What is the hundreds digit of 3827?
8
What is the units digit of 2230?
0
What is the tens digit of 43448?
4
What is the tens digit of 4090?
9
What is the tens digit of 47782?
8
What is the units digit of 1023?
3
What is the units digit of 1077?
7
What is the thousands digit of 3105?
3
What is the units digit of 63849?
9
What is the thousands digit of 1413?
1
What is the ten thousands digit of 15755?
1
What is the ten thousands digit of 33444?
3
What is the tens digit of 841?
4
What is the units digit of 59?
9
What is the thousands digit of 12794?
2
What is the tens digit of 995?
9
What is the units digit of 13199?
9
What is the thousands digit of 1065?
1
What is the hundreds digit of 8474?
4
What is the units digit of 14002?
2
What is the hundreds digit of 10594?
5
What is the tens digit of 2293?
9
What is the units digit of 61604?
4
What is the tens digit of 5153?
5
What is the thousands digit of 32685?
2
What is the thousands digit of 10024?
0
What is the units digit of 126768?
8
What is the tens digit of 1853?
5
What is the units digit of 4950?
0
What is the tens digit of 9028?
2
What is the tens digit of 1456?
5
What is the units digit of 2228?
8
What is the hundreds digit of 1084?
0
What is the ten thousands digit of 123508?
2
What is the tens digit of 12819?
1
What is the units digit of 33795?
5
What is the thousands digit of 8468?
8
What is the thousands digit of 2423?
2
What is the hundreds digit of 13854?
8
What is the tens digit of 11180?
8
What is the ten thousands digit of 102169?
0
What is the units digit of 1198?
8
What is the thousands digit of 6366?
6
What is the hundreds digit of 926?
9
What is the tens digit of 935?
3
What is the units digit of 86055?
5
What is the tens digit of 268?
6
What is the thousands digit of 15354?
5
What is the units digit of 4043?
3
What is the units digit of 91253?
3
What is the tens digit of 652?
5
What is the thousands digit of 5949?
5
What is the thousands digit of 9702?
9
What is the units digit of 8702?
2
What is the units digit of 411?
1
What is the units digit of 10833?
3
What is the units digit of 690?
0
What is the hundreds digit of 3308?
3
What is the tens digit of 839?
3
What is the tens digit of 1374?
7
What is the units digit of 867?
7
What is the thousands digit of 5465?
5
What is the tens digit of 6232?
3
What is the units digit of 30336?
6
What is the thousands digit of 2086?
2
What is the tens digit of 313?
1
What is the units digit of 2947?
7
What is the hundreds digit of 42260?
2
What is the tens digit of 3002?
0
What is the tens digit of 19?
1
What is the tens digit of 454?
5
What is the units digit of 1103?
3
What is the thousands digit of 8029?
8
What is the thousands digit of 10548?
0
What is the ten thousands digit of 29778?
2
What is the hundreds digit of 389?
3
What is the hundreds digit of 46737?
7
What is the thousands digit of 3013?
3
What is the thousands digit of 1256?
1
What is the hundreds digit of 2318?
3
What is the units digit of 2017?
7
What is the tens digit of 132?
3
What is the tens digit of 1286?
8
What is the hundreds digit of 8543?
5
What is the thousands digit of 39211?
9
What is the hundreds digit of 6332?
3
What is the thousands digit of 4067?
4
What is the thousands digit of 161632?
1
What is the hundreds digit of 4150?
1
What is the units digit of 694?
4
What is the hundreds digit of 898?
8
What is the tens digit of 560?
6
What is the tens digit of 41904?
0
What is the hundreds digit of 160053?
0
What is the hundreds digit of 5056?
0
What is the units digit of 1879?
9
What is the hundreds digit of 4626?
6
What is the hundreds digit of 870?
8
What is the hundreds digit of 21521?
5
What is the hundreds digit